12?
111
In base 12, what is -6568 + -1?
-6569
In base 3, what is 220 + -21000?
-20010
In base 14, what is 4 - -3?
7
In base 13, what is 123 - 6?
11a
In base 9, what is -17 - 8?
-26
In base 6, what is -4 + 105?
101
In base 7, what is 14420 - -2?
14422
In base 3, what is 10 - 1012?
-1002
In base 14, what is -1b5 - 22?
-1d7
In base 10, what is -2 - -119?
117
In base 7, what is 111 + 46?
160
In base 10, what is -2 - -1039?
1037
In base 15, what is -1 + -7c?
-7d
In base 9, what is -4 + 1343?
1338
In base 15, what is 1c6 - 4?
1c2
In base 9, what is 61 + -225?
-154
In base 16, what is -2 - 96?
-98
In base 2, what is -101110111101 + -100?
-101111000001
In base 9, what is 1 + -3380?
-3378
In base 14, what is -6d - -2?
-6b
In base 4, what is -2301 - -2021?
-220
In base 12, what is 768b - 5?
7686
In base 15, what is 1a - -2c?
47
In base 5, what is 14 - -2202?
2221
In base 11, what is -9 + 2a?
21
In base 11, what is 56 - 4?
52
In base 7, what is -401 - 2?
-403
In base 4, what is 1030022 + -2?
1030020
In base 7, what is 2364 - -5?
2402
In base 9, what is -134 - -14?
-120
In base 11, what is -630 + 2?
-629
In base 11, what is 1022 + 0?
1022
In base 13, what is 5 + -8?
-3
In base 4, what is 11 - -11320?
11331
In base 12, what is 0 - 789?
-789
In base 14, what is 4 + -157?
-153
In base 16, what is 23 - -4?
27
In base 4, what is 311 + 2?
313
In base 16, what is 1c - -1?
1d
In base 12, what is 414 + -4?
410
In base 13, what is 48 - 6c?
-24
In base 2, what is 10111 - -11?
11010
In base 7, what is 215 + 1?
216
In base 10, what is 5 - -405?
410
In base 6, what is -12 + 12?
0
In base 4, what is 2313 + -103?
2210
In base 2, what is 10000 - 1001?
111
In base 16, what is 4 + 4c?
50
In base 7, what is -1123 - -5?
-1115
In base 14, what is -2564 - 4?
-2568
In base 16, what is 9f + 15?
b4
In base 16, what is -3 + -3ea?
-3ed
In base 7, what is -3 - -350?
344
In base 15, what is 4 + -209?
-205
In base 13, what is 5 + -3a8?
-3a3
In base 12, what is 134 + -2?
132
In base 15, what is 7 + -5?
2
In base 4, what is -1 - -1211?
1210
In base 10, what is 307 + -5?
302
In base 9, what is 5 - -5801?
5806
In base 13, what is -5 + c5?
c0
In base 4, what is -11020 + 10?
-11010
In base 7, what is 4 + 1230?
1234
In base 10, what is 2 - 91?
-89
In base 5, what is 203012 + 2?
203014
In base 16, what is 0 + -211?
-211
In base 13, what is 978 + 1?
979
In base 15, what is 6e + -12?
5c
In base 16, what is -1 + -59d?
-59e
In base 11, what is -37 - 2?
-39
In base 7, what is 2 + -1601?
-1566
In base 2, what is 110 + 1111000?
1111110
In base 16, what is 9 - -1e?
27
In base 16, what is -f35 + -4?
-f39
In base 5, what is 33 - 4?
24
In base 8, what is -2 + -264?
-266
In base 12, what is 2 - 66?
-64
In base 7, what is -10 + -4300?
-4310
In base 16, what is 33 - 73?
-40
In base 13, what is -3c + 2?
-3a
In base 6, what is -4 + -1544?
-1552
In base 10, what is 2 + 319?
321
In base 7, what is -1 - -1156?
1155
In base 10, what is 107 - 3?
104
In base 2, what is 10011110101 - 10111?
10011011110
In base 4, what is 22 + 2332?
3020
In base 2, what is 11000 - -100101?
111101
In base 9, what is -668 - 4?
-673
In base 11, what is -13 - -17?
4
In base 7, what is 5 - 1104?
-1066
In base 10, what is -1 - -381?
380
In base 6, what is 5 + 154?
203
In base 14, what is 1 + 55?
56
In base 16, what is 12 - 32?
-20
In base 6, what is 20 + 143?
203
In base 10, what is -69 - -95?
26
In base 16, what is 13a + -6?
134
In base 5, what is -10 + -13121?
-13131
In base 5, what is -422311 + 1?
-422310
In base 10, what is -158 + 1?
-157
In base 5, what is -44 + -1321?
-1420
In base 7, what is -3 - 53?
-56
In base 4, what is 3 + -10021?
-10012
In base 2, what is -100011 - 110011?
-1010110
In base 9, what is 0 + 752?
752
In base 2, what is 11 - -11000001?
11000100
In base 14, what is -1 + 6bc?
6bb
In base 10, what is 6 - -26?
32
In base 5, what is 3 - 40341?
-40333
In base 14, what is a + 1d?
29
In base 16, what is 1d - 0?
1d
In base 10, what is -49 + -151?
-200
In base 5, what is 10 + -113?
-103
In base 6, what is 14 + 15204?
15222
In base 7, what is 1 + -440?
-436
In base 16, what is ce - 4?
ca
In base 9, what is 18 + 156?
175
In base 10, what is -1 - 12?
-13
In base 7, what is -4 - 210?
-214
In base 14, what is -5 + -20?
-25
In base 15, what is -31 - -a?
-26
In base 10, what is 10 - 42?
-32
In base 5, what is -11332 + 3?
-11324
In base 12, what is 3 + -67?
-64
In base 12, what is 31 - -449?
47a
In base 12, what is 4 + -a2?
-9a
In base 4, what is 11 - -1312110?
1312121
In base 13, what is 4a9 + -2?
4a7
In base 3, what is 11 + 211122?
211210
In base 7, what is -46 - 14?
-63
In base 8, what is -1173 - -1?
-1172
In base 9, what is 1061 + -3?
1057
In base 6, what is 5432 + 2?
5434
In base 7, what is -42 + 44?
2
In base 8, what is -32 - 32?
-64
In base 13, what is -2 - 125a?
-125c
In base 16, what is a - -5?
f
In base 11, what is -10 - 17?
-27
In base 15, what is 6c - -4?
71
In base 12, what is 1 + -1?
0
In base 15, what is 4198 - -4?
419c
In base 10, what is 0 - 2286?
-2286
In base 4, what is 2 - -2022?
2030
In base 14, what is -3 + 45?
42
In base 11, what is 1813 - 3?
1810
In base 8, what is 2 + 226?
230
In base 6, what is 1 - -12?
13
In base 13, what is 5 - -a?
12
In base 8, what is 3 + -127?
-124
In base 16, what is -1 - 1ac?
-1ad
In base 13, what is -4 + 8b5?
8b1
In base 16, what is 2 + 22?
24
In base 4, what is 1321 - 22?
1233
In base 7, what is 24004 - 0?
24004
In base 5, what is 301 - -202?
1003
In base 16, what is 42 - -e?
50
In base 13, what is 1a8a - -1?
1a8b
In base 2, what is 111010101110 + -10?
111010101100
In base 14, what is -2 - -3a?
38
In base 6, what is 3302 + 4?
3310
In base 7, what is -2 + 602?
600
In base 11, what is -a842 + 1?
-a841
In base 8, what is 1 - 277?
-276
In base 16, what is 159a + 0?
159a
In base 5, what is -2 - -131?
124
In base 5, what is -3112 + -3?
-3120
In base 9, what is 4408 - 6?
4402
In base 2, what is 10100 + -100?
10000
In base 5, what is 0 + -220?
-220
In base 6, what is -515 + -2?
-521
In base 8, what is -21 + 4?
-15
In base 3, what is -102021 + 1?
-102020
In base 9, what is -4 - 1208?
-1213
In base 5, what is 13 + -3303?
-3240
In base 3, what is 11 + 10210?
10221
In base 8, what is 5 - 213?
-206
In base 12, what is 2 - 1151?
-114b
In base 7, what is -1511 + 43?
-1435
In base 12, what is -3 - -63?
60
In base 11, what is -84 + -14?
-98
In base 6, what is 145 + 220?
405
In base 13, what is 29 - 9?
20
In base 12, what is 15 - -7?
20
In base 5, what is -3 + 1143?
1140
In base 3, what is -110 + -11?
-121
In base 12, what is -1 - 27?
-28
In base 11, what is 533 + 0?
533
In base 14, what is 0 + 36?
36
In base 16, what is -e - -fa?
ec
In base 5, what is 12200 - -4?
12204
In base 15, what is 13 - -3?
16
In base 14, what is 3 + 1ba7?
1baa
In base 9, what is -1 + -70?
-71
In base 3, what is -111020 - 12?
-111102
In base 4, what is 2 - -22223?
22231
In base 8, what is 1275 + -4?
1271
In base 11, what is -5 - 31?
-36
In base 3, what is 101220 + 0?
101220
In base 11, what is 29 - 4?
25
In base 15, what is 10 + -25?
-15
In base 13, what is 121 - -6?
127
In base 15, what is -2a - 119?
-144
In base 5, what is 203 - -21?
224
In base 12, what is 3979 - 4?
3975
In base 2, what is 100000 + 10?
100010
In base 4, what is 231 - 11?
220
In base 12, what is 1 - 32?
-31
In base 7, what is -4 - -10404?
10400
In base 6, what is 1135 - 154?
541
In base 7, what is 3 + 202?
205
In base 10, what is 146 - 5?
141
In base 13, what is 7 - -90?
97
In base 5, what is 1 - -220?
221
In base 3, what is -2120 + -121?
-10011
In base 7, what is 161 - -21?
212
In base 13, what is -6 + -59?
-62
In base 6, what is -41543 + -1?
-41544
In base 4, what is 2 - 2233?
-2231
In base 16, what is 0 + -60?
-60
In base 16, what is 6 + -11?
-b
In base 15, what is -3 + 1?
-2
In base 3, what is 21111 + 12?
21200
In base 16, what is 1e + 3?
21
In base 16, what is 49 + 5?
4e
In base 9, what is -1 - -77?
76
In base 14, what is 1a + 10?
2a
In base 13, what is 163 + -4?
15c
In base 7, what is -1006 + -13?
-1022
In base 4, what is -111000 + -3?
-111003
In base 15, what is 1b0 + -4?
1ab
In base 4, what is -2302013 + -11?
-2302030
In base 4, what is -2 + 231121?
231113
In base 5, what is -4 - 13034?
-13043
In base 16, what is -4 - 39?
-3d
In base 4, what is